Dec 01 14:21:20.852 INFO testing janisbent/TorCrypto against master#8940af3cea4a9a9deabcaf843b2f8cad9a83fc61 for beta-1.31-5
Dec 01 14:21:20.852 INFO running `"docker" "create" "-v" "/mnt/big/crater/work/local/target-dirs/beta-1.31-5/worker-4/master#8940af3cea4a9a9deabcaf843b2f8cad9a83fc61:/target:rw,Z" "-v" "/mnt/big/crater/work/local/test-source/worker-4/beta-1.31-5/master#8940af3cea4a9a9deabcaf843b2f8cad9a83fc61:/source:ro,Z" "-v" "/mnt/big/crater/work/local/cargo-home:/cargo-home:ro,Z" "-v" "/mnt/big/crater/work/local/rustup-home:/rustup-home:ro,Z" "-e" "USER_ID=1000" "-e" "SOURCE_DIR=/source" "-e" "USER_ID=1000" "-e" "CMD=cargo +8940af3cea4a9a9deabcaf843b2f8cad9a83fc61-alt build --frozen" "-e" "CARGO_TARGET_DIR=/target" "-e" "CARGO_INCREMENTAL=0" "-e" "RUST_BACKTRACE=full" "-e" "RUSTFLAGS=--cap-lints=warn" "-e" "CARGO_HOME=/cargo-home" "-e" "RUSTUP_HOME=/rustup-home" "-m" "1536M" "--network" "none" "crater"`
Dec 01 14:21:21.090 INFO [stdout] d558671c9dafaf60a31d431210bcbfc3a6b7984520876f1f9b150725d87e12ee
Dec 01 14:21:21.092 INFO running `"docker" "start" "-a" "d558671c9dafaf60a31d431210bcbfc3a6b7984520876f1f9b150725d87e12ee"`
Dec 01 14:21:21.510 INFO [stderr] usermod: no changes
Dec 01 14:21:21.568 INFO [stderr]    Compiling tor_crypto v0.1.0 (/source)
Dec 01 14:21:22.362 INFO [stderr]     Finished dev [unoptimized + debuginfo] target(s) in 0.83s
Dec 01 14:21:22.365 INFO [stderr] su: No module specific data is present
Dec 01 14:21:22.677 INFO running `"docker" "inspect" "d558671c9dafaf60a31d431210bcbfc3a6b7984520876f1f9b150725d87e12ee"`
Dec 01 14:21:22.786 INFO running `"docker" "rm" "-f" "d558671c9dafaf60a31d431210bcbfc3a6b7984520876f1f9b150725d87e12ee"`
Dec 01 14:21:22.880 INFO [stdout] d558671c9dafaf60a31d431210bcbfc3a6b7984520876f1f9b150725d87e12ee
Dec 01 14:21:22.888 INFO running `"docker" "create" "-v" "/mnt/big/crater/work/local/target-dirs/beta-1.31-5/worker-4/master#8940af3cea4a9a9deabcaf843b2f8cad9a83fc61:/target:rw,Z" "-v" "/mnt/big/crater/work/local/test-source/worker-4/beta-1.31-5/master#8940af3cea4a9a9deabcaf843b2f8cad9a83fc61:/source:ro,Z" "-v" "/mnt/big/crater/work/local/cargo-home:/cargo-home:ro,Z" "-v" "/mnt/big/crater/work/local/rustup-home:/rustup-home:ro,Z" "-e" "USER_ID=1000" "-e" "SOURCE_DIR=/source" "-e" "USER_ID=1000" "-e" "CMD=cargo +8940af3cea4a9a9deabcaf843b2f8cad9a83fc61-alt test --frozen --no-run" "-e" "CARGO_TARGET_DIR=/target" "-e" "CARGO_INCREMENTAL=0" "-e" "RUST_BACKTRACE=full" "-e" "RUSTFLAGS=--cap-lints=warn" "-e" "CARGO_HOME=/cargo-home" "-e" "RUSTUP_HOME=/rustup-home" "-m" "1536M" "--network" "none" "crater"`
Dec 01 14:21:23.083 INFO [stdout] 1ade854cc655ecd5eb91f60d46cc49b4063d34e68a4ed61e9844f40134b3128e
Dec 01 14:21:23.085 INFO running `"docker" "start" "-a" "1ade854cc655ecd5eb91f60d46cc49b4063d34e68a4ed61e9844f40134b3128e"`
Dec 01 14:21:23.527 INFO [stderr] usermod: no changes
Dec 01 14:21:23.564 INFO [stderr]    Compiling tor_crypto v0.1.0 (/source)
Dec 01 14:21:24.493 INFO [stderr]     Finished dev [unoptimized + debuginfo] target(s) in 0.93s
Dec 01 14:21:24.493 INFO [stderr] su: No module specific data is present
Dec 01 14:21:24.801 INFO running `"docker" "inspect" "1ade854cc655ecd5eb91f60d46cc49b4063d34e68a4ed61e9844f40134b3128e"`
Dec 01 14:21:24.893 INFO running `"docker" "rm" "-f" "1ade854cc655ecd5eb91f60d46cc49b4063d34e68a4ed61e9844f40134b3128e"`
Dec 01 14:21:24.982 INFO [stdout] 1ade854cc655ecd5eb91f60d46cc49b4063d34e68a4ed61e9844f40134b3128e
Dec 01 14:21:24.984 INFO running `"docker" "create" "-v" "/mnt/big/crater/work/local/target-dirs/beta-1.31-5/worker-4/master#8940af3cea4a9a9deabcaf843b2f8cad9a83fc61:/target:rw,Z" "-v" "/mnt/big/crater/work/local/test-source/worker-4/beta-1.31-5/master#8940af3cea4a9a9deabcaf843b2f8cad9a83fc61:/source:ro,Z" "-v" "/mnt/big/crater/work/local/cargo-home:/cargo-home:ro,Z" "-v" "/mnt/big/crater/work/local/rustup-home:/rustup-home:ro,Z" "-e" "USER_ID=1000" "-e" "SOURCE_DIR=/source" "-e" "USER_ID=1000" "-e" "CMD=cargo +8940af3cea4a9a9deabcaf843b2f8cad9a83fc61-alt test --frozen" "-e" "CARGO_TARGET_DIR=/target" "-e" "CARGO_INCREMENTAL=0" "-e" "RUST_BACKTRACE=full" "-e" "RUSTFLAGS=--cap-lints=warn" "-e" "CARGO_HOME=/cargo-home" "-e" "RUSTUP_HOME=/rustup-home" "-m" "1536M" "--network" "none" "crater"`
Dec 01 14:21:25.133 INFO [stdout] 2acffb31582adb596986f4e26e93d0a9b03f776398d7460d01f2e3fc64c52739
Dec 01 14:21:25.135 INFO running `"docker" "start" "-a" "2acffb31582adb596986f4e26e93d0a9b03f776398d7460d01f2e3fc64c52739"`
Dec 01 14:21:25.539 INFO [stderr] usermod: no changes
Dec 01 14:21:25.581 INFO [stderr]     Finished dev [unoptimized + debuginfo] target(s) in 0.02s
Dec 01 14:21:25.592 INFO [stderr]      Running /target/debug/deps/tor_crypto-d267a59824fd9040
Dec 01 14:21:25.601 INFO [stdout] 
Dec 01 14:21:25.601 INFO [stdout] running 0 tests
Dec 01 14:21:25.601 INFO [stdout] 
Dec 01 14:21:25.601 INFO [stdout] test result: ok. 0 passed; 0 failed; 0 ignored; 0 measured; 0 filtered out
Dec 01 14:21:25.601 INFO [stdout] 
Dec 01 14:21:25.601 INFO [stderr]    Doc-tests tor_crypto
Dec 01 14:21:26.467 INFO [stdout] 
Dec 01 14:21:26.467 INFO [stdout] running 7 tests
Dec 01 14:21:28.735 INFO [stdout] test src/lib.rs - Crypt::export_pub (line 99) ... FAILED
Dec 01 14:21:28.735 INFO [stdout] test src/lib.rs - Crypt::decrypt (line 167) ... FAILED
Dec 01 14:21:28.735 INFO [stdout] test src/lib.rs - Crypt::new (line 28) ... FAILED
Dec 01 14:21:28.735 INFO [stdout] test src/lib.rs - Crypt::from_file (line 45) ... FAILED
Dec 01 14:21:28.735 INFO [stdout] test src/lib.rs - Crypt::ecdh (line 128) ... FAILED
Dec 01 14:21:28.735 INFO [stdout] test src/lib.rs - Crypt::export_pri (line 74) ... FAILED
Dec 01 14:21:28.735 INFO [stdout] test src/lib.rs - Crypt::encrypt (line 145) ... FAILED
Dec 01 14:21:28.735 INFO [stdout] 
Dec 01 14:21:28.735 INFO [stdout] failures:
Dec 01 14:21:28.735 INFO [stdout] 
Dec 01 14:21:28.735 INFO [stdout] ---- src/lib.rs - Crypt::export_pub (line 99) stdout ----
Dec 01 14:21:28.735 INFO [stdout] error[E0433]: failed to resolve: use of undeclared type or module `Crypt`
Dec 01 14:21:28.735 INFO [stdout]  --> src/lib.rs:101:17
Dec 01 14:21:28.735 INFO [stdout]   |
Dec 01 14:21:28.735 INFO [stdout] 3 |     let mut c = Crypt::new();
Dec 01 14:21:28.735 INFO [stdout]   |                 ^^^^^ use of undeclared type or module `Crypt`
Dec 01 14:21:28.735 INFO [stdout] 
Dec 01 14:21:28.735 INFO [stdout] thread 'src/lib.rs - Crypt::export_pub (line 99)' panicked at 'couldn't compile the test', librustdoc/test.rs:332:13
Dec 01 14:21:28.735 INFO [stdout] stack backtrace:
Dec 01 14:21:28.735 INFO [stdout]    0:     0x7fec7f68d90f - std::sys::unix::backtrace::tracing::imp::unwind_backtrace::h3a8b83e1922cbdde
Dec 01 14:21:28.735 INFO [stdout]                                at libstd/sys/unix/backtrace/tracing/gcc_s.rs:49
Dec 01 14:21:28.735 INFO [stdout]    1:     0x7fec7f672897 - std::sys_common::backtrace::print::h00d3155a29b4020f
Dec 01 14:21:28.735 INFO [stdout]                                at libstd/sys_common/backtrace.rs:71
Dec 01 14:21:28.735 INFO [stdout]                                at libstd/sys_common/backtrace.rs:59
Dec 01 14:21:28.735 INFO [stdout]    2:     0x7fec7f698cef - std::panicking::default_hook::{{closure}}::hd7465c742e79e1bb
Dec 01 14:21:28.735 INFO [stdout]                                at libstd/panicking.rs:211
Dec 01 14:21:28.735 INFO [stdout]    3:     0x7fec7f6989ee - std::panicking::default_hook::h9e3966f2aa2a6e12
Dec 01 14:21:28.735 INFO [stdout]                                at libstd/panicking.rs:221
Dec 01 14:21:28.735 INFO [stdout]    4:     0x7fec81823951 - rustc::util::common::panic_hook::h27965632b67fe74e
Dec 01 14:21:28.735 INFO [stdout]    5:     0x7fec7f6994e6 - std::panicking::rust_panic_with_hook::h587f091ae747d080
Dec 01 14:21:28.735 INFO [stdout]                                at libstd/panicking.rs:480
Dec 01 14:21:28.735 INFO [stdout]    6:     0x55bbb8473b17 - std::panicking::begin_panic::hcef7ac517f7efe0f
Dec 01 14:21:28.735 INFO [stdout]                                at libstd/panicking.rs:410
Dec 01 14:21:28.735 INFO [stdout]    7:     0x55bbb8607cc7 - <rustdoc::test::Collector as rustdoc::test::Tester>::add_test::{{closure}}::{{closure}}::{{closure}}::h1a7d462b7674a13e
Dec 01 14:21:28.735 INFO [stdout]                                at librustdoc/test.rs:332
Dec 01 14:21:28.735 INFO [stdout]                                at librustdoc/test.rs:596
Dec 01 14:21:28.735 INFO [stdout]    8:     0x55bbb85bd1f8 - <scoped_tls::ScopedKey<T>>::set::h9a299037e2efdd79
Dec 01 14:21:28.735 INFO [stdout]                                at /cargo/registry/src/github.com-1ecc6299db9ec823/scoped-tls-0.1.2/src/lib.rs:155
Dec 01 14:21:28.735 INFO [stdout]                                at libsyntax/lib.rs:106
Dec 01 14:21:28.735 INFO [stdout]                                at /cargo/registry/src/github.com-1ecc6299db9ec823/scoped-tls-0.1.2/src/lib.rs:155
Dec 01 14:21:28.735 INFO [stdout]    9:     0x55bbb83c1601 - syntax::with_globals::hc9a23e436a64729f
Dec 01 14:21:28.735 INFO [stdout]                                at libsyntax/lib.rs:105
Dec 01 14:21:28.735 INFO [stdout]   10:     0x55bbb8473dbb - std::panicking::try::do_call::hd95e3a92339aa7c0
Dec 01 14:21:28.735 INFO [stdout]                                at librustdoc/test.rs:593
Dec 01 14:21:28.735 INFO [stdout]                                at libstd/panic.rs:313
Dec 01 14:21:28.735 INFO [stdout]                                at libstd/panicking.rs:310
Dec 01 14:21:28.735 INFO [stdout]   11:     0x7fec7f6a6cd9 - __rust_maybe_catch_panic
Dec 01 14:21:28.735 INFO [stdout]                                at libpanic_unwind/lib.rs:102
Dec 01 14:21:28.735 INFO [stdout]   12:     0x55bbb8496f49 - rustc_driver::in_named_rustc_thread::h5d5326e5f9843b1f
Dec 01 14:21:28.735 INFO [stdout]                                at libstd/panicking.rs:289
Dec 01 14:21:28.735 INFO [stdout]                                at libstd/panic.rs:392
Dec 01 14:21:28.735 INFO [stdout]                                at librustc_driver/lib.rs:1546
Dec 01 14:21:28.735 INFO [stdout]   13:     0x55bbb85d5eb0 - <F as alloc::boxed::FnBox<A>>::call_box::h85b70bbf522f8d35
Dec 01 14:21:28.735 INFO [stdout]                                at librustdoc/test.rs:593
Dec 01 14:21:28.735 INFO [stdout]                                at liballoc/boxed.rs:672
Dec 01 14:21:28.735 INFO [stdout]   14:     0x7fec80d08022 - <F as alloc::boxed::FnBox<A>>::call_box::h37f4bb882553d58c
Dec 01 14:21:28.735 INFO [stdout]                                at libtest/lib.rs:1461
Dec 01 14:21:28.735 INFO [stdout]                                at liballoc/boxed.rs:672
Dec 01 14:21:28.735 INFO [stdout]   15:     0x7fec7f6a6cd9 - __rust_maybe_catch_panic
Dec 01 14:21:28.735 INFO [stdout]                                at libpanic_unwind/lib.rs:102
Dec 01 14:21:28.735 INFO [stdout]   16:     0x7fec80d30462 - std::sys_common::backtrace::__rust_begin_short_backtrace::hb8f0d0309526c184
Dec 01 14:21:28.735 INFO [stdout]                                at libstd/panicking.rs:289
Dec 01 14:21:28.735 INFO [stdout]                                at libstd/panic.rs:392
Dec 01 14:21:28.735 INFO [stdout]                                at libtest/lib.rs:1423
Dec 01 14:21:28.735 INFO [stdout]                                at libstd/sys_common/backtrace.rs:136
Dec 01 14:21:28.735 INFO [stdout]   17:     0x7fec80d31204 - std::panicking::try::do_call::hc2f7c8b9a348d8db
Dec 01 14:21:28.735 INFO [stdout]                                at libstd/thread/mod.rs:409
Dec 01 14:21:28.735 INFO [stdout]                                at libstd/panic.rs:313
Dec 01 14:21:28.735 INFO [stdout]                                at libstd/panicking.rs:310
Dec 01 14:21:28.735 INFO [stdout]   18:     0x7fec7f6a6cd9 - __rust_maybe_catch_panic
Dec 01 14:21:28.735 INFO [stdout]                                at libpanic_unwind/lib.rs:102
Dec 01 14:21:28.735 INFO [stdout]   19:     0x7fec80d1994c - <F as alloc::boxed::FnBox<A>>::call_box::h6bfded618e480b32
Dec 01 14:21:28.735 INFO [stdout]                                at libstd/panicking.rs:289
Dec 01 14:21:28.735 INFO [stdout]                                at libstd/panic.rs:392
Dec 01 14:21:28.735 INFO [stdout]                                at libstd/thread/mod.rs:408
Dec 01 14:21:28.735 INFO [stdout]                                at liballoc/boxed.rs:672
Dec 01 14:21:28.735 INFO [stdout]   20:     0x7fec7f693c9d - std::sys_common::thread::start_thread::h4c28257d67cdf9cb
Dec 01 14:21:28.735 INFO [stdout]                                at liballoc/boxed.rs:682
Dec 01 14:21:28.735 INFO [stdout]                                at libstd/sys_common/thread.rs:24
Dec 01 14:21:28.735 INFO [stdout]   21:     0x7fec7f6694d5 - std::sys::unix::thread::Thread::new::thread_start::hfecb2e7eff8fd34f
Dec 01 14:21:28.735 INFO [stdout]                                at libstd/sys/unix/thread.rs:90
Dec 01 14:21:28.735 INFO [stdout]   22:     0x7fec7f1f56b9 - start_thread
Dec 01 14:21:28.735 INFO [stdout]   23:     0x7fec7ed1541c - clone
Dec 01 14:21:28.735 INFO [stdout]   24:                0x0 - <unknown>
Dec 01 14:21:28.735 INFO [stdout] query stack during panic:
Dec 01 14:21:28.736 INFO [stdout] end of query stack
Dec 01 14:21:28.736 INFO [stdout] 
Dec 01 14:21:28.736 INFO [stdout] ---- src/lib.rs - Crypt::decrypt (line 167) stdout ----
Dec 01 14:21:28.736 INFO [stdout] error[E0433]: failed to resolve: use of undeclared type or module `Crypt`
Dec 01 14:21:28.736 INFO [stdout]  --> src/lib.rs:169:17
Dec 01 14:21:28.736 INFO [stdout]   |
Dec 01 14:21:28.736 INFO [stdout] 3 |     let mut c = Crypt::new();
Dec 01 14:21:28.736 INFO [stdout]   |                 ^^^^^ use of undeclared type or module `Crypt`
Dec 01 14:21:28.736 INFO [stdout] 
Dec 01 14:21:28.736 INFO [stdout] error[E0425]: cannot find value `pubkey` in this scope
Dec 01 14:21:28.736 INFO [stdout]  --> src/lib.rs:171:13
Dec 01 14:21:28.736 INFO [stdout]   |
Dec 01 14:21:28.736 INFO [stdout] 5 |     c.ecdh(&pubkey);
Dec 01 14:21:28.736 INFO [stdout]   |             ^^^^^^ did you mean `pubkeyb`?
Dec 01 14:21:28.736 INFO [stdout] 
Dec 01 14:21:28.736 INFO [stdout] error[E0600]: cannot apply unary operator `!` to type `()`
Dec 01 14:21:28.736 INFO [stdout]   --> src/lib.rs:179:5
Dec 01 14:21:28.736 INFO [stdout]    |
Dec 01 14:21:28.736 INFO [stdout] 13 |     assert!(pt.to_vec() = pt2.to_vec());
Dec 01 14:21:28.736 INFO [stdout]    |     ^^^^^^^^^^^^^^^^^^^^^^^^^^^^^^^^^^^^ cannot apply unary operator `!`
Dec 01 14:21:28.736 INFO [stdout] 
Dec 01 14:21:28.736 INFO [stdout] thread 'src/lib.rs - Crypt::decrypt (line 167)' panicked at 'couldn't compile the test', librustdoc/test.rs:332:13
Dec 01 14:21:28.736 INFO [stdout] stack backtrace:
Dec 01 14:21:28.736 INFO [stdout]    0:     0x7fec7f68d90f - std::sys::unix::backtrace::tracing::imp::unwind_backtrace::h3a8b83e1922cbdde
Dec 01 14:21:28.736 INFO [stdout]                                at libstd/sys/unix/backtrace/tracing/gcc_s.rs:49
Dec 01 14:21:28.736 INFO [stdout]    1:     0x7fec7f672897 - std::sys_common::backtrace::print::h00d3155a29b4020f
Dec 01 14:21:28.736 INFO [stdout]                                at libstd/sys_common/backtrace.rs:71
Dec 01 14:21:28.736 INFO [stdout]                                at libstd/sys_common/backtrace.rs:59
Dec 01 14:21:28.736 INFO [stdout]    2:     0x7fec7f698cef - std::panicking::default_hook::{{closure}}::hd7465c742e79e1bb
Dec 01 14:21:28.736 INFO [stdout]                                at libstd/panicking.rs:211
Dec 01 14:21:28.736 INFO [stdout]    3:     0x7fec7f6989ee - std::panicking::default_hook::h9e3966f2aa2a6e12
Dec 01 14:21:28.736 INFO [stdout]                                at libstd/panicking.rs:221
Dec 01 14:21:28.736 INFO [stdout]    4:     0x7fec81823951 - rustc::util::common::panic_hook::h27965632b67fe74e
Dec 01 14:21:28.736 INFO [stdout]    5:     0x7fec7f6994e6 - std::panicking::rust_panic_with_hook::h587f091ae747d080
Dec 01 14:21:28.736 INFO [stdout]                                at libstd/panicking.rs:480
Dec 01 14:21:28.736 INFO [stdout]    6:     0x55bbb8473b17 - std::panicking::begin_panic::hcef7ac517f7efe0f
Dec 01 14:21:28.736 INFO [stdout]                                at libstd/panicking.rs:410
Dec 01 14:21:28.736 INFO [stdout]    7:     0x55bbb8607cc7 - <rustdoc::test::Collector as rustdoc::test::Tester>::add_test::{{closure}}::{{closure}}::{{closure}}::h1a7d462b7674a13e
Dec 01 14:21:28.736 INFO [stdout]                                at librustdoc/test.rs:332
Dec 01 14:21:28.736 INFO [stdout]                                at librustdoc/test.rs:596
Dec 01 14:21:28.736 INFO [stdout]    8:     0x55bbb85bd1f8 - <scoped_tls::ScopedKey<T>>::set::h9a299037e2efdd79
Dec 01 14:21:28.736 INFO [stdout]                                at /cargo/registry/src/github.com-1ecc6299db9ec823/scoped-tls-0.1.2/src/lib.rs:155
Dec 01 14:21:28.736 INFO [stdout]                                at libsyntax/lib.rs:106
Dec 01 14:21:28.736 INFO [stdout]                                at /cargo/registry/src/github.com-1ecc6299db9ec823/scoped-tls-0.1.2/src/lib.rs:155
Dec 01 14:21:28.736 INFO [stdout]    9:     0x55bbb83c1601 - syntax::with_globals::hc9a23e436a64729f
Dec 01 14:21:28.736 INFO [stdout]                                at libsyntax/lib.rs:105
Dec 01 14:21:28.736 INFO [stdout]   10:     0x55bbb8473dbb - std::panicking::try::do_call::hd95e3a92339aa7c0
Dec 01 14:21:28.736 INFO [stdout]                                at librustdoc/test.rs:593
Dec 01 14:21:28.736 INFO [stdout]                                at libstd/panic.rs:313
Dec 01 14:21:28.736 INFO [stdout]                                at libstd/panicking.rs:310
Dec 01 14:21:28.736 INFO [stdout]   11:     0x7fec7f6a6cd9 - __rust_maybe_catch_panic
Dec 01 14:21:28.736 INFO [stdout]                                at libpanic_unwind/lib.rs:102
Dec 01 14:21:28.736 INFO [stdout]   12:     0x55bbb8496f49 - rustc_driver::in_named_rustc_thread::h5d5326e5f9843b1f
Dec 01 14:21:28.736 INFO [stdout]                                at libstd/panicking.rs:289
Dec 01 14:21:28.736 INFO [stdout]                                at libstd/panic.rs:392
Dec 01 14:21:28.736 INFO [stdout]                                at librustc_driver/lib.rs:1546
Dec 01 14:21:28.736 INFO [stdout]   13:     0x55bbb85d5eb0 - <F as alloc::boxed::FnBox<A>>::call_box::h85b70bbf522f8d35
Dec 01 14:21:28.736 INFO [stdout]                                at librustdoc/test.rs:593
Dec 01 14:21:28.736 INFO [stdout]                                at liballoc/boxed.rs:672
Dec 01 14:21:28.736 INFO [stdout]   14:     0x7fec80d08022 - <F as alloc::boxed::FnBox<A>>::call_box::h37f4bb882553d58c
Dec 01 14:21:28.736 INFO [stdout]                                at libtest/lib.rs:1461
Dec 01 14:21:28.736 INFO [stdout]                                at liballoc/boxed.rs:672
Dec 01 14:21:28.736 INFO [stdout]   15:     0x7fec7f6a6cd9 - __rust_maybe_catch_panic
Dec 01 14:21:28.736 INFO [stdout]                                at libpanic_unwind/lib.rs:102
Dec 01 14:21:28.736 INFO [stdout]   16:     0x7fec80d30462 - std::sys_common::backtrace::__rust_begin_short_backtrace::hb8f0d0309526c184
Dec 01 14:21:28.736 INFO [stdout]                                at libstd/panicking.rs:289
Dec 01 14:21:28.736 INFO [stdout]                                at libstd/panic.rs:392
Dec 01 14:21:28.736 INFO [stdout]                                at libtest/lib.rs:1423
Dec 01 14:21:28.736 INFO [stdout]                                at libstd/sys_common/backtrace.rs:136
Dec 01 14:21:28.736 INFO [stdout]   17:     0x7fec80d31204 - std::panicking::try::do_call::hc2f7c8b9a348d8db
Dec 01 14:21:28.736 INFO [stdout]                                at libstd/thread/mod.rs:409
Dec 01 14:21:28.736 INFO [stdout]                                at libstd/panic.rs:313
Dec 01 14:21:28.736 INFO [stdout]                                at libstd/panicking.rs:310
Dec 01 14:21:28.736 INFO [stdout]   18:     0x7fec7f6a6cd9 - __rust_maybe_catch_panic
Dec 01 14:21:28.736 INFO [stdout]                                at libpanic_unwind/lib.rs:102
Dec 01 14:21:28.736 INFO [stdout]   19:     0x7fec80d1994c - <F as alloc::boxed::FnBox<A>>::call_box::h6bfded618e480b32
Dec 01 14:21:28.736 INFO [stdout]                                at libstd/panicking.rs:289
Dec 01 14:21:28.736 INFO [stdout]                                at libstd/panic.rs:392
Dec 01 14:21:28.736 INFO [stdout]                                at libstd/thread/mod.rs:408
Dec 01 14:21:28.736 INFO [stdout]                                at liballoc/boxed.rs:672
Dec 01 14:21:28.736 INFO [stdout]   20:     0x7fec7f693c9d - std::sys_common::thread::start_thread::h4c28257d67cdf9cb
Dec 01 14:21:28.736 INFO [stdout]                                at liballoc/boxed.rs:682
Dec 01 14:21:28.736 INFO [stdout]                                at libstd/sys_common/thread.rs:24
Dec 01 14:21:28.736 INFO [stdout]   21:     0x7fec7f6694d5 - std::sys::unix::thread::Thread::new::thread_start::hfecb2e7eff8fd34f
Dec 01 14:21:28.737 INFO [stdout]                                at libstd/sys/unix/thread.rs:90
Dec 01 14:21:28.737 INFO [stdout]   22:     0x7fec7f1f56b9 - start_thread
Dec 01 14:21:28.737 INFO [stdout]   23:     0x7fec7ed1541c - clone
Dec 01 14:21:28.737 INFO [stdout]   24:                0x0 - <unknown>
Dec 01 14:21:28.737 INFO [stdout] query stack during panic:
Dec 01 14:21:28.737 INFO [stdout] end of query stack
Dec 01 14:21:28.737 INFO [stdout] 
Dec 01 14:21:28.737 INFO [stdout] ---- src/lib.rs - Crypt::new (line 28) stdout ----
Dec 01 14:21:28.737 INFO [stdout] error[E0433]: failed to resolve: use of undeclared type or module `Crypt`
Dec 01 14:21:28.737 INFO [stdout]  --> src/lib.rs:30:17
Dec 01 14:21:28.737 INFO [stdout]   |
Dec 01 14:21:28.737 INFO [stdout] 3 |     let mut c = Crypt::new();
Dec 01 14:21:28.737 INFO [stdout]   |                 ^^^^^ use of undeclared type or module `Crypt`
Dec 01 14:21:28.737 INFO [stdout] 
Dec 01 14:21:28.737 INFO [stdout] thread 'src/lib.rs - Crypt::new (line 28)' panicked at 'couldn't compile the test', librustdoc/test.rs:332:13
Dec 01 14:21:28.737 INFO [stdout] stack backtrace:
Dec 01 14:21:28.737 INFO [stdout]    0:     0x7fec7f68d90f - std::sys::unix::backtrace::tracing::imp::unwind_backtrace::h3a8b83e1922cbdde
Dec 01 14:21:28.737 INFO [stdout]                                at libstd/sys/unix/backtrace/tracing/gcc_s.rs:49
Dec 01 14:21:28.737 INFO [stdout]    1:     0x7fec7f672897 - std::sys_common::backtrace::print::h00d3155a29b4020f
Dec 01 14:21:28.737 INFO [stdout]                                at libstd/sys_common/backtrace.rs:71
Dec 01 14:21:28.737 INFO [stdout]                                at libstd/sys_common/backtrace.rs:59
Dec 01 14:21:28.737 INFO [stdout]    2:     0x7fec7f698cef - std::panicking::default_hook::{{closure}}::hd7465c742e79e1bb
Dec 01 14:21:28.737 INFO [stdout]                                at libstd/panicking.rs:211
Dec 01 14:21:28.737 INFO [stdout]    3:     0x7fec7f6989ee - std::panicking::default_hook::h9e3966f2aa2a6e12
Dec 01 14:21:28.737 INFO [stdout]                                at libstd/panicking.rs:221
Dec 01 14:21:28.737 INFO [stdout]    4:     0x7fec81823951 - rustc::util::common::panic_hook::h27965632b67fe74e
Dec 01 14:21:28.737 INFO [stdout]    5:     0x7fec7f6994e6 - std::panicking::rust_panic_with_hook::h587f091ae747d080
Dec 01 14:21:28.737 INFO [stdout]                                at libstd/panicking.rs:480
Dec 01 14:21:28.737 INFO [stdout]    6:     0x55bbb8473b17 - std::panicking::begin_panic::hcef7ac517f7efe0f
Dec 01 14:21:28.737 INFO [stdout]                                at libstd/panicking.rs:410
Dec 01 14:21:28.737 INFO [stdout]    7:     0x55bbb8607cc7 - <rustdoc::test::Collector as rustdoc::test::Tester>::add_test::{{closure}}::{{closure}}::{{closure}}::h1a7d462b7674a13e
Dec 01 14:21:28.737 INFO [stdout]                                at librustdoc/test.rs:332
Dec 01 14:21:28.737 INFO [stdout]                                at librustdoc/test.rs:596
Dec 01 14:21:28.737 INFO [stdout]    8:     0x55bbb85bd1f8 - <scoped_tls::ScopedKey<T>>::set::h9a299037e2efdd79
Dec 01 14:21:28.737 INFO [stdout]                                at /cargo/registry/src/github.com-1ecc6299db9ec823/scoped-tls-0.1.2/src/lib.rs:155
Dec 01 14:21:28.737 INFO [stdout]                                at libsyntax/lib.rs:106
Dec 01 14:21:28.737 INFO [stdout]                                at /cargo/registry/src/github.com-1ecc6299db9ec823/scoped-tls-0.1.2/src/lib.rs:155
Dec 01 14:21:28.737 INFO [stdout]    9:     0x55bbb83c1601 - syntax::with_globals::hc9a23e436a64729f
Dec 01 14:21:28.737 INFO [stdout]                                at libsyntax/lib.rs:105
Dec 01 14:21:28.737 INFO [stdout]   10:     0x55bbb8473dbb - std::panicking::try::do_call::hd95e3a92339aa7c0
Dec 01 14:21:28.737 INFO [stdout]                                at librustdoc/test.rs:593
Dec 01 14:21:28.737 INFO [stdout]                                at libstd/panic.rs:313
Dec 01 14:21:28.737 INFO [stdout]                                at libstd/panicking.rs:310
Dec 01 14:21:28.737 INFO [stdout]   11:     0x7fec7f6a6cd9 - __rust_maybe_catch_panic
Dec 01 14:21:28.737 INFO [stdout]                                at libpanic_unwind/lib.rs:102
Dec 01 14:21:28.737 INFO [stdout]   12:     0x55bbb8496f49 - rustc_driver::in_named_rustc_thread::h5d5326e5f9843b1f
Dec 01 14:21:28.737 INFO [stdout]                                at libstd/panicking.rs:289
Dec 01 14:21:28.737 INFO [stdout]                                at libstd/panic.rs:392
Dec 01 14:21:28.737 INFO [stdout]                                at librustc_driver/lib.rs:1546
Dec 01 14:21:28.737 INFO [stdout]   13:     0x55bbb85d5eb0 - <F as alloc::boxed::FnBox<A>>::call_box::h85b70bbf522f8d35
Dec 01 14:21:28.737 INFO [stdout]                                at librustdoc/test.rs:593
Dec 01 14:21:28.737 INFO [stdout]                                at liballoc/boxed.rs:672
Dec 01 14:21:28.737 INFO [stdout]   14:     0x7fec80d08022 - <F as alloc::boxed::FnBox<A>>::call_box::h37f4bb882553d58c
Dec 01 14:21:28.737 INFO [stdout]                                at libtest/lib.rs:1461
Dec 01 14:21:28.737 INFO [stdout]                                at liballoc/boxed.rs:672
Dec 01 14:21:28.737 INFO [stdout]   15:     0x7fec7f6a6cd9 - __rust_maybe_catch_panic
Dec 01 14:21:28.737 INFO [stdout]                                at libpanic_unwind/lib.rs:102
Dec 01 14:21:28.737 INFO [stdout]   16:     0x7fec80d30462 - std::sys_common::backtrace::__rust_begin_short_backtrace::hb8f0d0309526c184
Dec 01 14:21:28.737 INFO [stdout]                                at libstd/panicking.rs:289
Dec 01 14:21:28.737 INFO [stdout]                                at libstd/panic.rs:392
Dec 01 14:21:28.737 INFO [stdout]                                at libtest/lib.rs:1423
Dec 01 14:21:28.737 INFO [stdout]                                at libstd/sys_common/backtrace.rs:136
Dec 01 14:21:28.737 INFO [stdout]   17:     0x7fec80d31204 - std::panicking::try::do_call::hc2f7c8b9a348d8db
Dec 01 14:21:28.737 INFO [stdout]                                at libstd/thread/mod.rs:409
Dec 01 14:21:28.737 INFO [stdout]                                at libstd/panic.rs:313
Dec 01 14:21:28.737 INFO [stdout]                                at libstd/panicking.rs:310
Dec 01 14:21:28.737 INFO [stdout]   18:     0x7fec7f6a6cd9 - __rust_maybe_catch_panic
Dec 01 14:21:28.737 INFO [stdout]                                at libpanic_unwind/lib.rs:102
Dec 01 14:21:28.737 INFO [stdout]   19:     0x7fec80d1994c - <F as alloc::boxed::FnBox<A>>::call_box::h6bfded618e480b32
Dec 01 14:21:28.737 INFO [stdout]                                at libstd/panicking.rs:289
Dec 01 14:21:28.737 INFO [stdout]                                at libstd/panic.rs:392
Dec 01 14:21:28.737 INFO [stdout]                                at libstd/thread/mod.rs:408
Dec 01 14:21:28.737 INFO [stdout]                                at liballoc/boxed.rs:672
Dec 01 14:21:28.737 INFO [stdout]   20:     0x7fec7f693c9d - std::sys_common::thread::start_thread::h4c28257d67cdf9cb
Dec 01 14:21:28.737 INFO [stdout]                                at liballoc/boxed.rs:682
Dec 01 14:21:28.737 INFO [stdout]                                at libstd/sys_common/thread.rs:24
Dec 01 14:21:28.737 INFO [stdout]   21:     0x7fec7f6694d5 - std::sys::unix::thread::Thread::new::thread_start::hfecb2e7eff8fd34f
Dec 01 14:21:28.737 INFO [stdout]                                at libstd/sys/unix/thread.rs:90
Dec 01 14:21:28.737 INFO [stdout]   22:     0x7fec7f1f56b9 - start_thread
Dec 01 14:21:28.737 INFO [stdout]   23:     0x7fec7ed1541c - clone
Dec 01 14:21:28.737 INFO [stdout]   24:                0x0 - <unknown>
Dec 01 14:21:28.737 INFO [stdout] query stack during panic:
Dec 01 14:21:28.737 INFO [stdout] end of query stack
Dec 01 14:21:28.737 INFO [stdout] 
Dec 01 14:21:28.738 INFO [stdout] ---- src/lib.rs - Crypt::from_file (line 45) stdout ----
Dec 01 14:21:28.738 INFO [stdout] error[E0433]: failed to resolve: use of undeclared type or module `Crypt`
Dec 01 14:21:28.738 INFO [stdout]  --> src/lib.rs:47:17
Dec 01 14:21:28.738 INFO [stdout]   |
Dec 01 14:21:28.738 INFO [stdout] 3 |     let mut c = Crypt::from_file("privkey");
Dec 01 14:21:28.738 INFO [stdout]   |                 ^^^^^ use of undeclared type or module `Crypt`
Dec 01 14:21:28.738 INFO [stdout] 
Dec 01 14:21:28.738 INFO [stdout] thread 'src/lib.rs - Crypt::from_file (line 45)' panicked at 'couldn't compile the test', librustdoc/test.rs:332:13
Dec 01 14:21:28.738 INFO [stdout] stack backtrace:
Dec 01 14:21:28.738 INFO [stdout]    0:     0x7fec7f68d90f - std::sys::unix::backtrace::tracing::imp::unwind_backtrace::h3a8b83e1922cbdde
Dec 01 14:21:28.738 INFO [stdout]                                at libstd/sys/unix/backtrace/tracing/gcc_s.rs:49
Dec 01 14:21:28.738 INFO [stdout]    1:     0x7fec7f672897 - std::sys_common::backtrace::print::h00d3155a29b4020f
Dec 01 14:21:28.738 INFO [stdout]                                at libstd/sys_common/backtrace.rs:71
Dec 01 14:21:28.738 INFO [stdout]                                at libstd/sys_common/backtrace.rs:59
Dec 01 14:21:28.738 INFO [stdout]    2:     0x7fec7f698cef - std::panicking::default_hook::{{closure}}::hd7465c742e79e1bb
Dec 01 14:21:28.738 INFO [stdout]                                at libstd/panicking.rs:211
Dec 01 14:21:28.738 INFO [stdout]    3:     0x7fec7f6989ee - std::panicking::default_hook::h9e3966f2aa2a6e12
Dec 01 14:21:28.738 INFO [stdout]                                at libstd/panicking.rs:221
Dec 01 14:21:28.738 INFO [stdout]    4:     0x7fec81823951 - rustc::util::common::panic_hook::h27965632b67fe74e
Dec 01 14:21:28.738 INFO [stdout]    5:     0x7fec7f6994e6 - std::panicking::rust_panic_with_hook::h587f091ae747d080
Dec 01 14:21:28.738 INFO [stdout]                                at libstd/panicking.rs:480
Dec 01 14:21:28.738 INFO [stdout]    6:     0x55bbb8473b17 - std::panicking::begin_panic::hcef7ac517f7efe0f
Dec 01 14:21:28.738 INFO [stdout]                                at libstd/panicking.rs:410
Dec 01 14:21:28.738 INFO [stdout]    7:     0x55bbb8607cc7 - <rustdoc::test::Collector as rustdoc::test::Tester>::add_test::{{closure}}::{{closure}}::{{closure}}::h1a7d462b7674a13e
Dec 01 14:21:28.738 INFO [stdout]                                at librustdoc/test.rs:332
Dec 01 14:21:28.738 INFO [stdout]                                at librustdoc/test.rs:596
Dec 01 14:21:28.738 INFO [stdout]    8:     0x55bbb85bd1f8 - <scoped_tls::ScopedKey<T>>::set::h9a299037e2efdd79
Dec 01 14:21:28.738 INFO [stdout]                                at /cargo/registry/src/github.com-1ecc6299db9ec823/scoped-tls-0.1.2/src/lib.rs:155
Dec 01 14:21:28.738 INFO [stdout]                                at libsyntax/lib.rs:106
Dec 01 14:21:28.738 INFO [stdout]                                at /cargo/registry/src/github.com-1ecc6299db9ec823/scoped-tls-0.1.2/src/lib.rs:155
Dec 01 14:21:28.738 INFO [stdout]    9:     0x55bbb83c1601 - syntax::with_globals::hc9a23e436a64729f
Dec 01 14:21:28.738 INFO [stdout]                                at libsyntax/lib.rs:105
Dec 01 14:21:28.738 INFO [stdout]   10:     0x55bbb8473dbb - std::panicking::try::do_call::hd95e3a92339aa7c0
Dec 01 14:21:28.738 INFO [stdout]                                at librustdoc/test.rs:593
Dec 01 14:21:28.738 INFO [stdout]                                at libstd/panic.rs:313
Dec 01 14:21:28.738 INFO [stdout]                                at libstd/panicking.rs:310
Dec 01 14:21:28.738 INFO [stdout]   11:     0x7fec7f6a6cd9 - __rust_maybe_catch_panic
Dec 01 14:21:28.738 INFO [stdout]                                at libpanic_unwind/lib.rs:102
Dec 01 14:21:28.738 INFO [stdout]   12:     0x55bbb8496f49 - rustc_driver::in_named_rustc_thread::h5d5326e5f9843b1f
Dec 01 14:21:28.738 INFO [stdout]                                at libstd/panicking.rs:289
Dec 01 14:21:28.738 INFO [stdout]                                at libstd/panic.rs:392
Dec 01 14:21:28.738 INFO [stdout]                                at librustc_driver/lib.rs:1546
Dec 01 14:21:28.738 INFO [stdout]   13:     0x55bbb85d5eb0 - <F as alloc::boxed::FnBox<A>>::call_box::h85b70bbf522f8d35
Dec 01 14:21:28.738 INFO [stdout]                                at librustdoc/test.rs:593
Dec 01 14:21:28.738 INFO [stdout]                                at liballoc/boxed.rs:672
Dec 01 14:21:28.738 INFO [stdout]   14:     0x7fec80d08022 - <F as alloc::boxed::FnBox<A>>::call_box::h37f4bb882553d58c
Dec 01 14:21:28.738 INFO [stdout]                                at libtest/lib.rs:1461
Dec 01 14:21:28.738 INFO [stdout]                                at liballoc/boxed.rs:672
Dec 01 14:21:28.738 INFO [stdout]   15:     0x7fec7f6a6cd9 - __rust_maybe_catch_panic
Dec 01 14:21:28.738 INFO [stdout]                                at libpanic_unwind/lib.rs:102
Dec 01 14:21:28.738 INFO [stdout]   16:     0x7fec80d30462 - std::sys_common::backtrace::__rust_begin_short_backtrace::hb8f0d0309526c184
Dec 01 14:21:28.738 INFO [stdout]                                at libstd/panicking.rs:289
Dec 01 14:21:28.738 INFO [stdout]                                at libstd/panic.rs:392
Dec 01 14:21:28.738 INFO [stdout]                                at libtest/lib.rs:1423
Dec 01 14:21:28.738 INFO [stdout]                                at libstd/sys_common/backtrace.rs:136
Dec 01 14:21:28.738 INFO [stdout]   17:     0x7fec80d31204 - std::panicking::try::do_call::hc2f7c8b9a348d8db
Dec 01 14:21:28.738 INFO [stdout]                                at libstd/thread/mod.rs:409
Dec 01 14:21:28.738 INFO [stdout]                                at libstd/panic.rs:313
Dec 01 14:21:28.738 INFO [stdout]                                at libstd/panicking.rs:310
Dec 01 14:21:28.738 INFO [stdout]   18:     0x7fec7f6a6cd9 - __rust_maybe_catch_panic
Dec 01 14:21:28.738 INFO [stdout]                                at libpanic_unwind/lib.rs:102
Dec 01 14:21:28.738 INFO [stdout]   19:     0x7fec80d1994c - <F as alloc::boxed::FnBox<A>>::call_box::h6bfded618e480b32
Dec 01 14:21:28.738 INFO [stdout]                                at libstd/panicking.rs:289
Dec 01 14:21:28.738 INFO [stdout]                                at libstd/panic.rs:392
Dec 01 14:21:28.738 INFO [stdout]                                at libstd/thread/mod.rs:408
Dec 01 14:21:28.738 INFO [stdout]                                at liballoc/boxed.rs:672
Dec 01 14:21:28.738 INFO [stdout]   20:     0x7fec7f693c9d - std::sys_common::thread::start_thread::h4c28257d67cdf9cb
Dec 01 14:21:28.738 INFO [stdout]                                at liballoc/boxed.rs:682
Dec 01 14:21:28.738 INFO [stdout]                                at libstd/sys_common/thread.rs:24
Dec 01 14:21:28.738 INFO [stdout]   21:     0x7fec7f6694d5 - std::sys::unix::thread::Thread::new::thread_start::hfecb2e7eff8fd34f
Dec 01 14:21:28.738 INFO [stdout]                                at libstd/sys/unix/thread.rs:90
Dec 01 14:21:28.738 INFO [stdout]   22:     0x7fec7f1f56b9 - start_thread
Dec 01 14:21:28.738 INFO [stdout]   23:     0x7fec7ed1541c - clone
Dec 01 14:21:28.738 INFO [stdout]   24:                0x0 - <unknown>
Dec 01 14:21:28.738 INFO [stdout] query stack during panic:
Dec 01 14:21:28.738 INFO [stdout] end of query stack
Dec 01 14:21:28.738 INFO [stdout] 
Dec 01 14:21:28.742 INFO [stdout] ---- src/lib.rs - Crypt::ecdh (line 128) stdout ----
Dec 01 14:21:28.743 INFO [stdout] error[E0433]: failed to resolve: use of undeclared type or module `Crypt`
Dec 01 14:21:28.743 INFO [stdout]  --> src/lib.rs:130:17
Dec 01 14:21:28.743 INFO [stdout]   |
Dec 01 14:21:28.743 INFO [stdout] 3 |     let mut c = Crypt::new();
Dec 01 14:21:28.743 INFO [stdout]   |                 ^^^^^ use of undeclared type or module `Crypt`
Dec 01 14:21:28.743 INFO [stdout] 
Dec 01 14:21:28.743 INFO [stdout] thread 'src/lib.rs - Crypt::ecdh (line 128)' panicked at 'couldn't compile the test', librustdoc/test.rs:332:13
Dec 01 14:21:28.743 INFO [stdout] stack backtrace:
Dec 01 14:21:28.743 INFO [stdout]    0:     0x7fec7f68d90f - std::sys::unix::backtrace::tracing::imp::unwind_backtrace::h3a8b83e1922cbdde
Dec 01 14:21:28.743 INFO [stdout]                                at libstd/sys/unix/backtrace/tracing/gcc_s.rs:49
Dec 01 14:21:28.743 INFO [stdout]    1:     0x7fec7f672897 - std::sys_common::backtrace::print::h00d3155a29b4020f
Dec 01 14:21:28.743 INFO [stdout]                                at libstd/sys_common/backtrace.rs:71
Dec 01 14:21:28.743 INFO [stdout]                                at libstd/sys_common/backtrace.rs:59
Dec 01 14:21:28.743 INFO [stdout]    2:     0x7fec7f698cef - std::panicking::default_hook::{{closure}}::hd7465c742e79e1bb
Dec 01 14:21:28.743 INFO [stdout]                                at libstd/panicking.rs:211
Dec 01 14:21:28.743 INFO [stdout]    3:     0x7fec7f6989ee - std::panicking::default_hook::h9e3966f2aa2a6e12
Dec 01 14:21:28.743 INFO [stdout]                                at libstd/panicking.rs:221
Dec 01 14:21:28.743 INFO [stdout]    4:     0x7fec81823951 - rustc::util::common::panic_hook::h27965632b67fe74e
Dec 01 14:21:28.743 INFO [stdout]    5:     0x7fec7f6994e6 - std::panicking::rust_panic_with_hook::h587f091ae747d080
Dec 01 14:21:28.743 INFO [stdout]                                at libstd/panicking.rs:480
Dec 01 14:21:28.743 INFO [stdout]    6:     0x55bbb8473b17 - std::panicking::begin_panic::hcef7ac517f7efe0f
Dec 01 14:21:28.743 INFO [stdout]                                at libstd/panicking.rs:410
Dec 01 14:21:28.743 INFO [stdout]    7:     0x55bbb8607cc7 - <rustdoc::test::Collector as rustdoc::test::Tester>::add_test::{{closure}}::{{closure}}::{{closure}}::h1a7d462b7674a13e
Dec 01 14:21:28.743 INFO [stdout]                                at librustdoc/test.rs:332
Dec 01 14:21:28.743 INFO [stdout]                                at librustdoc/test.rs:596
Dec 01 14:21:28.743 INFO [stdout]    8:     0x55bbb85bd1f8 - <scoped_tls::ScopedKey<T>>::set::h9a299037e2efdd79
Dec 01 14:21:28.743 INFO [stdout]                                at /cargo/registry/src/github.com-1ecc6299db9ec823/scoped-tls-0.1.2/src/lib.rs:155
Dec 01 14:21:28.743 INFO [stdout]                                at libsyntax/lib.rs:106
Dec 01 14:21:28.743 INFO [stdout]                                at /cargo/registry/src/github.com-1ecc6299db9ec823/scoped-tls-0.1.2/src/lib.rs:155
Dec 01 14:21:28.743 INFO [stdout]    9:     0x55bbb83c1601 - syntax::with_globals::hc9a23e436a64729f
Dec 01 14:21:28.743 INFO [stdout]                                at libsyntax/lib.rs:105
Dec 01 14:21:28.743 INFO [stdout]   10:     0x55bbb8473dbb - std::panicking::try::do_call::hd95e3a92339aa7c0
Dec 01 14:21:28.743 INFO [stdout]                                at librustdoc/test.rs:593
Dec 01 14:21:28.743 INFO [stdout]                                at libstd/panic.rs:313
Dec 01 14:21:28.743 INFO [stdout]                                at libstd/panicking.rs:310
Dec 01 14:21:28.743 INFO [stdout]   11:     0x7fec7f6a6cd9 - __rust_maybe_catch_panic
Dec 01 14:21:28.743 INFO [stdout]                                at libpanic_unwind/lib.rs:102
Dec 01 14:21:28.743 INFO [stdout]   12:     0x55bbb8496f49 - rustc_driver::in_named_rustc_thread::h5d5326e5f9843b1f
Dec 01 14:21:28.743 INFO [stdout]                                at libstd/panicking.rs:289
Dec 01 14:21:28.743 INFO [stdout]                                at libstd/panic.rs:392
Dec 01 14:21:28.743 INFO [stdout]                                at librustc_driver/lib.rs:1546
Dec 01 14:21:28.743 INFO [stdout]   13:     0x55bbb85d5eb0 - <F as alloc::boxed::FnBox<A>>::call_box::h85b70bbf522f8d35
Dec 01 14:21:28.743 INFO [stdout]                                at librustdoc/test.rs:593
Dec 01 14:21:28.743 INFO [stdout]                                at liballoc/boxed.rs:672
Dec 01 14:21:28.743 INFO [stdout]   14:     0x7fec80d08022 - <F as alloc::boxed::FnBox<A>>::call_box::h37f4bb882553d58c
Dec 01 14:21:28.743 INFO [stdout]                                at libtest/lib.rs:1461
Dec 01 14:21:28.743 INFO [stdout]                                at liballoc/boxed.rs:672
Dec 01 14:21:28.743 INFO [stdout]   15:     0x7fec7f6a6cd9 - __rust_maybe_catch_panic
Dec 01 14:21:28.743 INFO [stdout]                                at libpanic_unwind/lib.rs:102
Dec 01 14:21:28.743 INFO [stdout]   16:     0x7fec80d30462 - std::sys_common::backtrace::__rust_begin_short_backtrace::hb8f0d0309526c184
Dec 01 14:21:28.743 INFO [stdout]                                at libstd/panicking.rs:289
Dec 01 14:21:28.743 INFO [stdout]                                at libstd/panic.rs:392
Dec 01 14:21:28.743 INFO [stdout]                                at libtest/lib.rs:1423
Dec 01 14:21:28.743 INFO [stdout]                                at libstd/sys_common/backtrace.rs:136
Dec 01 14:21:28.743 INFO [stdout]   17:     0x7fec80d31204 - std::panicking::try::do_call::hc2f7c8b9a348d8db
Dec 01 14:21:28.743 INFO [stdout]                                at libstd/thread/mod.rs:409
Dec 01 14:21:28.743 INFO [stdout]                                at libstd/panic.rs:313
Dec 01 14:21:28.743 INFO [stdout]                                at libstd/panicking.rs:310
Dec 01 14:21:28.743 INFO [stdout]   18:     0x7fec7f6a6cd9 - __rust_maybe_catch_panic
Dec 01 14:21:28.743 INFO [stdout]                                at libpanic_unwind/lib.rs:102
Dec 01 14:21:28.743 INFO [stdout]   19:     0x7fec80d1994c - <F as alloc::boxed::FnBox<A>>::call_box::h6bfded618e480b32
Dec 01 14:21:28.743 INFO [stdout]                                at libstd/panicking.rs:289
Dec 01 14:21:28.743 INFO [stdout]                                at libstd/panic.rs:392
Dec 01 14:21:28.743 INFO [stdout]                                at libstd/thread/mod.rs:408
Dec 01 14:21:28.743 INFO [stdout]                                at liballoc/boxed.rs:672
Dec 01 14:21:28.743 INFO [stdout]   20:     0x7fec7f693c9d - std::sys_common::thread::start_thread::h4c28257d67cdf9cb
Dec 01 14:21:28.743 INFO [stdout]                                at liballoc/boxed.rs:682
Dec 01 14:21:28.743 INFO [stdout]                                at libstd/sys_common/thread.rs:24
Dec 01 14:21:28.743 INFO [stdout]   21:     0x7fec7f6694d5 - std::sys::unix::thread::Thread::new::thread_start::hfecb2e7eff8fd34f
Dec 01 14:21:28.743 INFO [stdout]                                at libstd/sys/unix/thread.rs:90
Dec 01 14:21:28.743 INFO [stdout]   22:     0x7fec7f1f56b9 - start_thread
Dec 01 14:21:28.743 INFO [stdout]   23:     0x7fec7ed1541c - clone
Dec 01 14:21:28.743 INFO [stdout]   24:                0x0 - <unknown>
Dec 01 14:21:28.743 INFO [stdout] query stack during panic:
Dec 01 14:21:28.743 INFO [stdout] end of query stack
Dec 01 14:21:28.743 INFO [stdout] 
Dec 01 14:21:28.743 INFO [stdout] ---- src/lib.rs - Crypt::export_pri (line 74) stdout ----
Dec 01 14:21:28.743 INFO [stdout] error[E0433]: failed to resolve: use of undeclared type or module `Crypt`
Dec 01 14:21:28.743 INFO [stdout]  --> src/lib.rs:76:17
Dec 01 14:21:28.743 INFO [stdout]   |
Dec 01 14:21:28.743 INFO [stdout] 3 |     let mut c = Crypt::new();
Dec 01 14:21:28.743 INFO [stdout]   |                 ^^^^^ use of undeclared type or module `Crypt`
Dec 01 14:21:28.743 INFO [stdout] 
Dec 01 14:21:28.743 INFO [stdout] thread 'src/lib.rs - Crypt::export_pri (line 74)' panicked at 'couldn't compile the test', librustdoc/test.rs:332:13
Dec 01 14:21:28.743 INFO [stdout] stack backtrace:
Dec 01 14:21:28.744 INFO [stdout]    0:     0x7fec7f68d90f - std::sys::unix::backtrace::tracing::imp::unwind_backtrace::h3a8b83e1922cbdde
Dec 01 14:21:28.744 INFO [stdout]                                at libstd/sys/unix/backtrace/tracing/gcc_s.rs:49
Dec 01 14:21:28.744 INFO [stdout]    1:     0x7fec7f672897 - std::sys_common::backtrace::print::h00d3155a29b4020f
Dec 01 14:21:28.744 INFO [stdout]                                at libstd/sys_common/backtrace.rs:71
Dec 01 14:21:28.744 INFO [stdout]                                at libstd/sys_common/backtrace.rs:59
Dec 01 14:21:28.744 INFO [stdout]    2:     0x7fec7f698cef - std::panicking::default_hook::{{closure}}::hd7465c742e79e1bb
Dec 01 14:21:28.744 INFO [stdout]                                at libstd/panicking.rs:211
Dec 01 14:21:28.744 INFO [stdout]    3:     0x7fec7f6989ee - std::panicking::default_hook::h9e3966f2aa2a6e12
Dec 01 14:21:28.744 INFO [stdout]                                at libstd/panicking.rs:221
Dec 01 14:21:28.744 INFO [stdout]    4:     0x7fec81823951 - rustc::util::common::panic_hook::h27965632b67fe74e
Dec 01 14:21:28.744 INFO [stdout]    5:     0x7fec7f6994e6 - std::panicking::rust_panic_with_hook::h587f091ae747d080
Dec 01 14:21:28.744 INFO [stdout]                                at libstd/panicking.rs:480
Dec 01 14:21:28.744 INFO [stdout]    6:     0x55bbb8473b17 - std::panicking::begin_panic::hcef7ac517f7efe0f
Dec 01 14:21:28.744 INFO [stdout]                                at libstd/panicking.rs:410
Dec 01 14:21:28.744 INFO [stdout]    7:     0x55bbb8607cc7 - <rustdoc::test::Collector as rustdoc::test::Tester>::add_test::{{closure}}::{{closure}}::{{closure}}::h1a7d462b7674a13e
Dec 01 14:21:28.744 INFO [stdout]                                at librustdoc/test.rs:332
Dec 01 14:21:28.744 INFO [stdout]                                at librustdoc/test.rs:596
Dec 01 14:21:28.744 INFO [stdout]    8:     0x55bbb85bd1f8 - <scoped_tls::ScopedKey<T>>::set::h9a299037e2efdd79
Dec 01 14:21:28.744 INFO [stdout]                                at /cargo/registry/src/github.com-1ecc6299db9ec823/scoped-tls-0.1.2/src/lib.rs:155
Dec 01 14:21:28.744 INFO [stdout]                                at libsyntax/lib.rs:106
Dec 01 14:21:28.744 INFO [stdout]                                at /cargo/registry/src/github.com-1ecc6299db9ec823/scoped-tls-0.1.2/src/lib.rs:155
Dec 01 14:21:28.744 INFO [stdout]    9:     0x55bbb83c1601 - syntax::with_globals::hc9a23e436a64729f
Dec 01 14:21:28.744 INFO [stdout]                                at libsyntax/lib.rs:105
Dec 01 14:21:28.744 INFO [stdout]   10:     0x55bbb8473dbb - std::panicking::try::do_call::hd95e3a92339aa7c0
Dec 01 14:21:28.744 INFO [stdout]                                at librustdoc/test.rs:593
Dec 01 14:21:28.744 INFO [stdout]                                at libstd/panic.rs:313
Dec 01 14:21:28.744 INFO [stdout]                                at libstd/panicking.rs:310
Dec 01 14:21:28.744 INFO [stdout]   11:     0x7fec7f6a6cd9 - __rust_maybe_catch_panic
Dec 01 14:21:28.744 INFO [stdout]                                at libpanic_unwind/lib.rs:102
Dec 01 14:21:28.744 INFO [stdout]   12:     0x55bbb8496f49 - rustc_driver::in_named_rustc_thread::h5d5326e5f9843b1f
Dec 01 14:21:28.744 INFO [stdout]                                at libstd/panicking.rs:289
Dec 01 14:21:28.744 INFO [stdout]                                at libstd/panic.rs:392
Dec 01 14:21:28.744 INFO [stdout]                                at librustc_driver/lib.rs:1546
Dec 01 14:21:28.744 INFO [stdout]   13:     0x55bbb85d5eb0 - <F as alloc::boxed::FnBox<A>>::call_box::h85b70bbf522f8d35
Dec 01 14:21:28.744 INFO [stdout]                                at librustdoc/test.rs:593
Dec 01 14:21:28.744 INFO [stdout]                                at liballoc/boxed.rs:672
Dec 01 14:21:28.744 INFO [stdout]   14:     0x7fec80d08022 - <F as alloc::boxed::FnBox<A>>::call_box::h37f4bb882553d58c
Dec 01 14:21:28.744 INFO [stdout]                                at libtest/lib.rs:1461
Dec 01 14:21:28.744 INFO [stdout]                                at liballoc/boxed.rs:672
Dec 01 14:21:28.744 INFO [stdout]   15:     0x7fec7f6a6cd9 - __rust_maybe_catch_panic
Dec 01 14:21:28.744 INFO [stdout]                                at libpanic_unwind/lib.rs:102
Dec 01 14:21:28.744 INFO [stdout]   16:     0x7fec80d30462 - std::sys_common::backtrace::__rust_begin_short_backtrace::hb8f0d0309526c184
Dec 01 14:21:28.744 INFO [stdout]                                at libstd/panicking.rs:289
Dec 01 14:21:28.744 INFO [stdout]                                at libstd/panic.rs:392
Dec 01 14:21:28.744 INFO [stdout]                                at libtest/lib.rs:1423
Dec 01 14:21:28.744 INFO [stdout]                                at libstd/sys_common/backtrace.rs:136
Dec 01 14:21:28.744 INFO [stdout]   17:     0x7fec80d31204 - std::panicking::try::do_call::hc2f7c8b9a348d8db
Dec 01 14:21:28.744 INFO [stdout]                                at libstd/thread/mod.rs:409
Dec 01 14:21:28.744 INFO [stdout]                                at libstd/panic.rs:313
Dec 01 14:21:28.744 INFO [stdout]                                at libstd/panicking.rs:310
Dec 01 14:21:28.744 INFO [stdout]   18:     0x7fec7f6a6cd9 - __rust_maybe_catch_panic
Dec 01 14:21:28.744 INFO [stdout]                                at libpanic_unwind/lib.rs:102
Dec 01 14:21:28.744 INFO [stdout]   19:     0x7fec80d1994c - <F as alloc::boxed::FnBox<A>>::call_box::h6bfded618e480b32
Dec 01 14:21:28.744 INFO [stdout]                                at libstd/panicking.rs:289
Dec 01 14:21:28.744 INFO [stdout]                                at libstd/panic.rs:392
Dec 01 14:21:28.744 INFO [stdout]                                at libstd/thread/mod.rs:408
Dec 01 14:21:28.744 INFO [stdout]                                at liballoc/boxed.rs:672
Dec 01 14:21:28.744 INFO [stdout]   20:     0x7fec7f693c9d - std::sys_common::thread::start_thread::h4c28257d67cdf9cb
Dec 01 14:21:28.744 INFO [stdout]                                at liballoc/boxed.rs:682
Dec 01 14:21:28.744 INFO [stdout]                                at libstd/sys_common/thread.rs:24
Dec 01 14:21:28.744 INFO [stdout]   21:     0x7fec7f6694d5 - std::sys::unix::thread::Thread::new::thread_start::hfecb2e7eff8fd34f
Dec 01 14:21:28.744 INFO [stdout]                                at libstd/sys/unix/thread.rs:90
Dec 01 14:21:28.744 INFO [stdout]   22:     0x7fec7f1f56b9 - start_thread
Dec 01 14:21:28.744 INFO [stdout]   23:     0x7fec7ed1541c - clone
Dec 01 14:21:28.744 INFO [stdout]   24:                0x0 - <unknown>
Dec 01 14:21:28.744 INFO [stdout] query stack during panic:
Dec 01 14:21:28.744 INFO [stdout] end of query stack
Dec 01 14:21:28.744 INFO [stdout] 
Dec 01 14:21:28.744 INFO [stdout] ---- src/lib.rs - Crypt::encrypt (line 145) stdout ----
Dec 01 14:21:28.744 INFO [stdout] error[E0433]: failed to resolve: use of undeclared type or module `Crypt`
Dec 01 14:21:28.744 INFO [stdout]  --> src/lib.rs:147:17
Dec 01 14:21:28.744 INFO [stdout]   |
Dec 01 14:21:28.744 INFO [stdout] 3 |     let mut c = Crypt::new();
Dec 01 14:21:28.744 INFO [stdout]   |                 ^^^^^ use of undeclared type or module `Crypt`
Dec 01 14:21:28.744 INFO [stdout] 
Dec 01 14:21:28.744 INFO [stdout] error[E0425]: cannot find value `pubkey` in this scope
Dec 01 14:21:28.744 INFO [stdout]  --> src/lib.rs:149:13
Dec 01 14:21:28.744 INFO [stdout]   |
Dec 01 14:21:28.744 INFO [stdout] 5 |     c.ecdh(&pubkey);
Dec 01 14:21:28.744 INFO [stdout]   |             ^^^^^^ did you mean `pubkeyb`?
Dec 01 14:21:28.744 INFO [stdout] 
Dec 01 14:21:28.744 INFO [stdout] thread 'src/lib.rs - Crypt::encrypt (line 145)' panicked at 'couldn't compile the test', librustdoc/test.rs:332:13
Dec 01 14:21:28.744 INFO [stdout] stack backtrace:
Dec 01 14:21:28.744 INFO [stdout]    0:     0x7fec7f68d90f - std::sys::unix::backtrace::tracing::imp::unwind_backtrace::h3a8b83e1922cbdde
Dec 01 14:21:28.744 INFO [stdout]                                at libstd/sys/unix/backtrace/tracing/gcc_s.rs:49
Dec 01 14:21:28.744 INFO [stdout]    1:     0x7fec7f672897 - std::sys_common::backtrace::print::h00d3155a29b4020f
Dec 01 14:21:28.744 INFO [stdout]                                at libstd/sys_common/backtrace.rs:71
Dec 01 14:21:28.744 INFO [stdout]                                at libstd/sys_common/backtrace.rs:59
Dec 01 14:21:28.744 INFO [stdout]    2:     0x7fec7f698cef - std::panicking::default_hook::{{closure}}::hd7465c742e79e1bb
Dec 01 14:21:28.744 INFO [stdout]                                at libstd/panicking.rs:211
Dec 01 14:21:28.745 INFO [stdout]    3:     0x7fec7f6989ee - std::panicking::default_hook::h9e3966f2aa2a6e12
Dec 01 14:21:28.745 INFO [stdout]                                at libstd/panicking.rs:221
Dec 01 14:21:28.745 INFO [stdout]    4:     0x7fec81823951 - rustc::util::common::panic_hook::h27965632b67fe74e
Dec 01 14:21:28.745 INFO [stdout]    5:     0x7fec7f6994e6 - std::panicking::rust_panic_with_hook::h587f091ae747d080
Dec 01 14:21:28.745 INFO [stdout]                                at libstd/panicking.rs:480
Dec 01 14:21:28.745 INFO [stdout]    6:     0x55bbb8473b17 - std::panicking::begin_panic::hcef7ac517f7efe0f
Dec 01 14:21:28.745 INFO [stdout]                                at libstd/panicking.rs:410
Dec 01 14:21:28.745 INFO [stdout]    7:     0x55bbb8607cc7 - <rustdoc::test::Collector as rustdoc::test::Tester>::add_test::{{closure}}::{{closure}}::{{closure}}::h1a7d462b7674a13e
Dec 01 14:21:28.745 INFO [stdout]                                at librustdoc/test.rs:332
Dec 01 14:21:28.745 INFO [stdout]                                at librustdoc/test.rs:596
Dec 01 14:21:28.745 INFO [stdout]    8:     0x55bbb85bd1f8 - <scoped_tls::ScopedKey<T>>::set::h9a299037e2efdd79
Dec 01 14:21:28.745 INFO [stdout]                                at /cargo/registry/src/github.com-1ecc6299db9ec823/scoped-tls-0.1.2/src/lib.rs:155
Dec 01 14:21:28.745 INFO [stdout]                                at libsyntax/lib.rs:106
Dec 01 14:21:28.745 INFO [stdout]                                at /cargo/registry/src/github.com-1ecc6299db9ec823/scoped-tls-0.1.2/src/lib.rs:155
Dec 01 14:21:28.745 INFO [stdout]    9:     0x55bbb83c1601 - syntax::with_globals::hc9a23e436a64729f
Dec 01 14:21:28.745 INFO [stdout]                                at libsyntax/lib.rs:105
Dec 01 14:21:28.745 INFO [stdout]   10:     0x55bbb8473dbb - std::panicking::try::do_call::hd95e3a92339aa7c0
Dec 01 14:21:28.745 INFO [stdout]                                at librustdoc/test.rs:593
Dec 01 14:21:28.745 INFO [stdout]                                at libstd/panic.rs:313
Dec 01 14:21:28.745 INFO [stdout]                                at libstd/panicking.rs:310
Dec 01 14:21:28.745 INFO [stdout]   11:     0x7fec7f6a6cd9 - __rust_maybe_catch_panic
Dec 01 14:21:28.745 INFO [stdout]                                at libpanic_unwind/lib.rs:102
Dec 01 14:21:28.745 INFO [stdout]   12:     0x55bbb8496f49 - rustc_driver::in_named_rustc_thread::h5d5326e5f9843b1f
Dec 01 14:21:28.745 INFO [stdout]                                at libstd/panicking.rs:289
Dec 01 14:21:28.745 INFO [stdout]                                at libstd/panic.rs:392
Dec 01 14:21:28.745 INFO [stdout]                                at librustc_driver/lib.rs:1546
Dec 01 14:21:28.745 INFO [stdout]   13:     0x55bbb85d5eb0 - <F as alloc::boxed::FnBox<A>>::call_box::h85b70bbf522f8d35
Dec 01 14:21:28.745 INFO [stdout]                                at librustdoc/test.rs:593
Dec 01 14:21:28.745 INFO [stdout]                                at liballoc/boxed.rs:672
Dec 01 14:21:28.745 INFO [stdout]   14:     0x7fec80d08022 - <F as alloc::boxed::FnBox<A>>::call_box::h37f4bb882553d58c
Dec 01 14:21:28.745 INFO [stdout]                                at libtest/lib.rs:1461
Dec 01 14:21:28.745 INFO [stdout]                                at liballoc/boxed.rs:672
Dec 01 14:21:28.745 INFO [stdout]   15:     0x7fec7f6a6cd9 - __rust_maybe_catch_panic
Dec 01 14:21:28.745 INFO [stdout]                                at libpanic_unwind/lib.rs:102
Dec 01 14:21:28.745 INFO [stdout]   16:     0x7fec80d30462 - std::sys_common::backtrace::__rust_begin_short_backtrace::hb8f0d0309526c184
Dec 01 14:21:28.745 INFO [stdout]                                at libstd/panicking.rs:289
Dec 01 14:21:28.745 INFO [stdout]                                at libstd/panic.rs:392
Dec 01 14:21:28.745 INFO [stdout]                                at libtest/lib.rs:1423
Dec 01 14:21:28.745 INFO [stdout]                                at libstd/sys_common/backtrace.rs:136
Dec 01 14:21:28.745 INFO [stdout]   17:     0x7fec80d31204 - std::panicking::try::do_call::hc2f7c8b9a348d8db
Dec 01 14:21:28.745 INFO [stdout]                                at libstd/thread/mod.rs:409
Dec 01 14:21:28.745 INFO [stdout]                                at libstd/panic.rs:313
Dec 01 14:21:28.745 INFO [stdout]                                at libstd/panicking.rs:310
Dec 01 14:21:28.745 INFO [stdout]   18:     0x7fec7f6a6cd9 - __rust_maybe_catch_panic
Dec 01 14:21:28.745 INFO [stdout]                                at libpanic_unwind/lib.rs:102
Dec 01 14:21:28.745 INFO [stdout]   19:     0x7fec80d1994c - <F as alloc::boxed::FnBox<A>>::call_box::h6bfded618e480b32
Dec 01 14:21:28.745 INFO [stdout]                                at libstd/panicking.rs:289
Dec 01 14:21:28.745 INFO [stdout]                                at libstd/panic.rs:392
Dec 01 14:21:28.745 INFO [stdout]                                at libstd/thread/mod.rs:408
Dec 01 14:21:28.745 INFO [stdout]                                at liballoc/boxed.rs:672
Dec 01 14:21:28.745 INFO [stdout]   20:     0x7fec7f693c9d - std::sys_common::thread::start_thread::h4c28257d67cdf9cb
Dec 01 14:21:28.745 INFO [stdout]                                at liballoc/boxed.rs:682
Dec 01 14:21:28.745 INFO [stdout]                                at libstd/sys_common/thread.rs:24
Dec 01 14:21:28.745 INFO [stdout]   21:     0x7fec7f6694d5 - std::sys::unix::thread::Thread::new::thread_start::hfecb2e7eff8fd34f
Dec 01 14:21:28.745 INFO [stdout]                                at libstd/sys/unix/thread.rs:90
Dec 01 14:21:28.745 INFO [stdout]   22:     0x7fec7f1f56b9 - start_thread
Dec 01 14:21:28.745 INFO [stdout]   23:     0x7fec7ed1541c - clone
Dec 01 14:21:28.745 INFO [stdout]   24:                0x0 - <unknown>
Dec 01 14:21:28.745 INFO [stdout] query stack during panic:
Dec 01 14:21:28.745 INFO [stdout] end of query stack
Dec 01 14:21:28.745 INFO [stdout] 
Dec 01 14:21:28.745 INFO [stdout] 
Dec 01 14:21:28.745 INFO [stdout] failures:
Dec 01 14:21:28.745 INFO [stdout]     src/lib.rs - Crypt::decrypt (line 167)
Dec 01 14:21:28.745 INFO [stdout]     src/lib.rs - Crypt::ecdh (line 128)
Dec 01 14:21:28.745 INFO [stdout]     src/lib.rs - Crypt::encrypt (line 145)
Dec 01 14:21:28.745 INFO [stdout]     src/lib.rs - Crypt::export_pri (line 74)
Dec 01 14:21:28.745 INFO [stdout]     src/lib.rs - Crypt::export_pub (line 99)
Dec 01 14:21:28.745 INFO [stdout]     src/lib.rs - Crypt::from_file (line 45)
Dec 01 14:21:28.745 INFO [stdout]     src/lib.rs - Crypt::new (line 28)
Dec 01 14:21:28.745 INFO [stdout] 
Dec 01 14:21:28.745 INFO [stdout] test result: FAILED. 0 passed; 7 failed; 0 ignored; 0 measured; 0 filtered out
Dec 01 14:21:28.745 INFO [stdout] 
Dec 01 14:21:28.759 INFO [stderr] error: test failed, to rerun pass '--doc'
Dec 01 14:21:28.759 INFO [stderr] su: No module specific data is present
Dec 01 14:21:29.208 INFO running `"docker" "inspect" "2acffb31582adb596986f4e26e93d0a9b03f776398d7460d01f2e3fc64c52739"`
Dec 01 14:21:29.389 INFO running `"docker" "rm" "-f" "2acffb31582adb596986f4e26e93d0a9b03f776398d7460d01f2e3fc64c52739"`
Dec 01 14:21:29.606 INFO [stdout] 2acffb31582adb596986f4e26e93d0a9b03f776398d7460d01f2e3fc64c52739
